Dec 03 08:11:50.494 INFO testing google-dlp2-1.0.8+20181009 against master#8940af3cea4a9a9deabcaf843b2f8cad9a83fc61 for beta-1.31-5
Dec 03 08:11:50.494 INFO running `"docker" "create" "-v" "/mnt/big/crater/work/local/target-dirs/beta-1.31-5/worker-5/master#8940af3cea4a9a9deabcaf843b2f8cad9a83fc61:/target:rw,Z" "-v" "/mnt/big/crater/work/local/test-source/worker-5/beta-1.31-5/master#8940af3cea4a9a9deabcaf843b2f8cad9a83fc61:/source:ro,Z" "-v" "/mnt/big/crater/work/local/cargo-home:/cargo-home:ro,Z" "-v" "/mnt/big/crater/work/local/rustup-home:/rustup-home:ro,Z" "-e" "USER_ID=1000" "-e" "SOURCE_DIR=/source" "-e" "USER_ID=1000" "-e" "CMD=cargo +8940af3cea4a9a9deabcaf843b2f8cad9a83fc61-alt build --frozen" "-e" "CARGO_TARGET_DIR=/target" "-e" "CARGO_INCREMENTAL=0" "-e" "RUST_BACKTRACE=full" "-e" "RUSTFLAGS=--cap-lints=warn" "-e" "CARGO_HOME=/cargo-home" "-e" "RUSTUP_HOME=/rustup-home" "-m" "1536M" "--network" "none" "crater"`
Dec 03 08:11:50.852 INFO [stdout] cb5f8ebc21429dfb02d276ea65853eb80306cda37559b7315704aa7a258a0d2d
Dec 03 08:11:50.859 INFO running `"docker" "start" "-a" "cb5f8ebc21429dfb02d276ea65853eb80306cda37559b7315704aa7a258a0d2d"`
Dec 03 08:11:52.630 INFO [stderr] usermod: no changes
Dec 03 08:11:52.867 INFO [stderr]    Compiling google-dlp2 v1.0.8+20181009 (/source)
Dec 03 08:12:15.611 INFO [stderr]     Finished dev [unoptimized + debuginfo] target(s) in 22.95s
Dec 03 08:12:15.623 INFO [stderr] su: No module specific data is present
Dec 03 08:12:16.847 INFO running `"docker" "inspect" "cb5f8ebc21429dfb02d276ea65853eb80306cda37559b7315704aa7a258a0d2d"`
Dec 03 08:12:17.195 INFO running `"docker" "rm" "-f" "cb5f8ebc21429dfb02d276ea65853eb80306cda37559b7315704aa7a258a0d2d"`
Dec 03 08:12:17.570 INFO [stdout] cb5f8ebc21429dfb02d276ea65853eb80306cda37559b7315704aa7a258a0d2d
Dec 03 08:12:17.579 INFO running `"docker" "create" "-v" "/mnt/big/crater/work/local/target-dirs/beta-1.31-5/worker-5/master#8940af3cea4a9a9deabcaf843b2f8cad9a83fc61:/target:rw,Z" "-v" "/mnt/big/crater/work/local/test-source/worker-5/beta-1.31-5/master#8940af3cea4a9a9deabcaf843b2f8cad9a83fc61:/source:ro,Z" "-v" "/mnt/big/crater/work/local/cargo-home:/cargo-home:ro,Z" "-v" "/mnt/big/crater/work/local/rustup-home:/rustup-home:ro,Z" "-e" "USER_ID=1000" "-e" "SOURCE_DIR=/source" "-e" "USER_ID=1000" "-e" "CMD=cargo +8940af3cea4a9a9deabcaf843b2f8cad9a83fc61-alt test --frozen --no-run" "-e" "CARGO_TARGET_DIR=/target" "-e" "CARGO_INCREMENTAL=0" "-e" "RUST_BACKTRACE=full" "-e" "RUSTFLAGS=--cap-lints=warn" "-e" "CARGO_HOME=/cargo-home" "-e" "RUSTUP_HOME=/rustup-home" "-m" "1536M" "--network" "none" "crater"`
Dec 03 08:12:17.947 INFO [stdout] 2a5c6bd18aaeea8387624f4b7ac5269c29577f91b563d4537b1ef84b33daa07a
Dec 03 08:12:17.951 INFO running `"docker" "start" "-a" "2a5c6bd18aaeea8387624f4b7ac5269c29577f91b563d4537b1ef84b33daa07a"`
Dec 03 08:12:19.506 INFO [stderr] usermod: no changes
Dec 03 08:12:19.795 INFO [stderr]    Compiling google-dlp2 v1.0.8+20181009 (/source)
Dec 03 08:12:37.083 INFO [stderr]     Finished dev [unoptimized + debuginfo] target(s) in 17.53s
Dec 03 08:12:37.099 INFO [stderr] su: No module specific data is present
Dec 03 08:12:37.761 INFO running `"docker" "inspect" "2a5c6bd18aaeea8387624f4b7ac5269c29577f91b563d4537b1ef84b33daa07a"`
Dec 03 08:12:38.069 INFO running `"docker" "rm" "-f" "2a5c6bd18aaeea8387624f4b7ac5269c29577f91b563d4537b1ef84b33daa07a"`
Dec 03 08:12:38.427 INFO [stdout] 2a5c6bd18aaeea8387624f4b7ac5269c29577f91b563d4537b1ef84b33daa07a
Dec 03 08:12:38.435 INFO running `"docker" "create" "-v" "/mnt/big/crater/work/local/target-dirs/beta-1.31-5/worker-5/master#8940af3cea4a9a9deabcaf843b2f8cad9a83fc61:/target:rw,Z" "-v" "/mnt/big/crater/work/local/test-source/worker-5/beta-1.31-5/master#8940af3cea4a9a9deabcaf843b2f8cad9a83fc61:/source:ro,Z" "-v" "/mnt/big/crater/work/local/cargo-home:/cargo-home:ro,Z" "-v" "/mnt/big/crater/work/local/rustup-home:/rustup-home:ro,Z" "-e" "USER_ID=1000" "-e" "SOURCE_DIR=/source" "-e" "USER_ID=1000" "-e" "CMD=cargo +8940af3cea4a9a9deabcaf843b2f8cad9a83fc61-alt test --frozen" "-e" "CARGO_TARGET_DIR=/target" "-e" "CARGO_INCREMENTAL=0" "-e" "RUST_BACKTRACE=full" "-e" "RUSTFLAGS=--cap-lints=warn" "-e" "CARGO_HOME=/cargo-home" "-e" "RUSTUP_HOME=/rustup-home" "-m" "1536M" "--network" "none" "crater"`
Dec 03 08:12:38.953 INFO [stdout] 65e137baa33461bcc3662d0f44ffafa7c2a12c20fd44773f4f51e957cbfe8523
Dec 03 08:12:38.957 INFO running `"docker" "start" "-a" "65e137baa33461bcc3662d0f44ffafa7c2a12c20fd44773f4f51e957cbfe8523"`
Dec 03 08:12:40.165 INFO [stderr] usermod: no changes
Dec 03 08:12:40.363 INFO [stderr]     Finished dev [unoptimized + debuginfo] target(s) in 0.17s
Dec 03 08:12:40.394 INFO [stderr]      Running /target/debug/deps/google_dlp2-08b6d103b06508b8
Dec 03 08:12:40.419 INFO [stderr]    Doc-tests google-dlp2
Dec 03 08:12:40.419 INFO [stdout] 
Dec 03 08:12:40.419 INFO [stdout] running 0 tests
Dec 03 08:12:40.419 INFO [stdout] 
Dec 03 08:12:40.419 INFO [stdout] test result: ok. 0 passed; 0 failed; 0 ignored; 0 measured; 0 filtered out
Dec 03 08:12:40.419 INFO [stdout] 
Dec 03 08:12:49.746 INFO [stdout] 
Dec 03 08:12:49.746 INFO [stdout] running 52 tests
Dec 03 08:12:49.747 INFO [stdout] test src/lib.rs -  (line 53) ... ignored
Dec 03 08:12:58.699 INFO [stdout] test src/lib.rs - GoogleProtobufEmpty (line 4157) ... FAILED
Dec 03 08:13:35.826 INFO [stdout] test src/lib.rs - OrganizationDeidentifyTemplateCreateCall (line 6129) ... ok
Dec 03 08:13:36.923 INFO [stdout] test src/lib.rs - OrganizationDeidentifyTemplateListCall (line 9469) ... ok
Dec 03 08:13:37.083 INFO [stdout] test src/lib.rs - OrganizationDeidentifyTemplateDeleteCall (line 5873) ... ok
Dec 03 08:13:37.399 INFO [stdout] test src/lib.rs - OrganizationDeidentifyTemplateGetCall (line 8927) ... ok
Dec 03 08:13:39.963 INFO [stdout] test src/lib.rs -  (line 91) ... ok
Dec 03 08:13:40.935 INFO [stdout] test src/lib.rs - InfoTypeListCall (line 9773) ... ok
Dec 03 08:13:41.287 INFO [stdout] test src/lib.rs - InfoTypeMethods (line 4867) ... ok
Dec 03 08:13:43.543 INFO [stdout] test src/lib.rs - DLP (line 276) ... ok
Dec 03 08:14:29.883 INFO [stdout] test src/lib.rs - OrganizationInspectTemplateCreateCall (line 7494) ... ok
Dec 03 08:14:32.077 INFO [stdout] test src/lib.rs - OrganizationInspectTemplateGetCall (line 5618) ... ok
Dec 03 08:14:32.427 INFO [stdout] test src/lib.rs - OrganizationInspectTemplateDeleteCall (line 7239) ... ok
Dec 03 08:14:33.017 INFO [stdout] test src/lib.rs - OrganizationMethods (line 4497) ... ok
Dec 03 08:14:33.723 INFO [stdout] test src/lib.rs - OrganizationDeidentifyTemplatePatchCall (line 6414) ... ok
Dec 03 08:14:35.070 INFO [stdout] test src/lib.rs - OrganizationInspectTemplatePatchCall (line 7778) ... ok
Dec 03 08:14:37.607 INFO [stdout] test src/lib.rs - OrganizationInspectTemplateListCall (line 8063) ... ok
Dec 03 08:14:37.955 INFO [stdout] test src/lib.rs - OrganizationStoredInfoTypeCreateCall (line 6700) ... ok
Dec 03 08:15:27.347 INFO [stdout] test src/lib.rs - OrganizationStoredInfoTypeDeleteCall (line 8672) ... ok
Dec 03 08:15:32.071 INFO [stdout] test src/lib.rs - OrganizationStoredInfoTypeGetCall (line 6985) ... test src/lib.rs - OrganizationStoredInfoTypeGetCall (line 6985) has been running for over 60 seconds
Dec 03 08:15:32.423 INFO [stdout] test src/lib.rs - OrganizationStoredInfoTypeListCall (line 8367) ... test src/lib.rs - OrganizationStoredInfoTypeListCall (line 8367) has been running for over 60 seconds
Dec 03 08:15:33.019 INFO [stdout] test src/lib.rs - OrganizationStoredInfoTypePatchCall (line 9183) ... test src/lib.rs - OrganizationStoredInfoTypePatchCall (line 9183) has been running for over 60 seconds
Dec 03 08:15:33.723 INFO [stdout] test src/lib.rs - ProjectContentDeidentifyCall (line 15615) ... test src/lib.rs - ProjectContentDeidentifyCall (line 15615) has been running for over 60 seconds
Dec 03 08:15:34.933 INFO [stdout] test src/lib.rs - OrganizationStoredInfoTypeListCall (line 8367) ... ok
Dec 03 08:15:35.071 INFO [stdout] test src/lib.rs - ProjectContentInspectCall (line 11324) ... test src/lib.rs - ProjectContentInspectCall (line 11324) has been running for over 60 seconds
Dec 03 08:15:36.643 INFO [stdout] test src/lib.rs - OrganizationStoredInfoTypeGetCall (line 6985) ... ok
Dec 03 08:15:37.319 INFO [stdout] test src/lib.rs - ProjectContentDeidentifyCall (line 15615) ... ok
Dec 03 08:15:37.607 INFO [stdout] test src/lib.rs - ProjectContentReidentifyCall (line 16693) ... test src/lib.rs - ProjectContentReidentifyCall (line 16693) has been running for over 60 seconds
Dec 03 08:15:37.947 INFO [stdout] test src/lib.rs - ProjectDeidentifyTemplateCreateCall (line 13832) ... test src/lib.rs - ProjectDeidentifyTemplateCreateCall (line 13832) has been running for over 60 seconds
Dec 03 08:15:38.074 INFO [stdout] test src/lib.rs - OrganizationStoredInfoTypePatchCall (line 9183) ... ok
Dec 03 08:15:40.907 INFO [stdout] test src/lib.rs - ProjectContentInspectCall (line 11324) ... ok
Dec 03 08:15:43.371 INFO [stdout] test src/lib.rs - ProjectContentReidentifyCall (line 16693) ... ok
Dec 03 08:15:44.363 INFO [stdout] test src/lib.rs - ProjectDeidentifyTemplateCreateCall (line 13832) ... ok
Dec 03 08:16:16.719 INFO [stdout] test src/lib.rs - ProjectDeidentifyTemplateDeleteCall (line 15899) ... ok
Dec 03 08:16:34.935 INFO [stdout] test src/lib.rs - ProjectDeidentifyTemplateGetCall (line 10270) ... test src/lib.rs - ProjectDeidentifyTemplateGetCall (line 10270) has been running for over 60 seconds
Dec 03 08:16:35.321 INFO [stdout] test src/lib.rs - ProjectDeidentifyTemplateListCall (line 14464) ... ok
Dec 03 08:16:35.650 INFO [stdout] test src/lib.rs - ProjectDeidentifyTemplateGetCall (line 10270) ... ok
Dec 03 08:16:37.323 INFO [stdout] test src/lib.rs - ProjectDeidentifyTemplatePatchCall (line 11862) ... test src/lib.rs - ProjectDeidentifyTemplatePatchCall (line 11862) has been running for over 60 seconds
Dec 03 08:16:37.727 INFO [stdout] test src/lib.rs - ProjectDlpJobGetCall (line 15357) ... ok
Dec 03 08:16:38.075 INFO [stdout] test src/lib.rs - ProjectDlpJobCancelCall (line 14770) ... test src/lib.rs - ProjectDlpJobCancelCall (line 14770) has been running for over 60 seconds
Dec 03 08:16:38.714 INFO [stdout] test src/lib.rs - ProjectDeidentifyTemplatePatchCall (line 11862) ... ok
Dec 03 08:16:39.667 INFO [stdout] test src/lib.rs - ProjectDlpJobCancelCall (line 14770) ... ok
Dec 03 08:16:40.051 INFO [stdout] test src/lib.rs - ProjectDlpJobCreateCall (line 13260) ... ok
Dec 03 08:16:42.203 INFO [stdout] test src/lib.rs - ProjectDlpJobDeleteCall (line 17282) ... ok
Dec 03 08:17:16.339 INFO [stdout] test src/lib.rs - ProjectDlpJobListCall (line 14117) ... ok
Dec 03 08:17:19.294 INFO [stdout] test src/lib.rs - ProjectImageRedactCall (line 17540) ... ok
Dec 03 08:17:35.650 INFO [stdout] test src/lib.rs - ProjectInspectTemplateCreateCall (line 12687) ... test src/lib.rs - ProjectInspectTemplateCreateCall (line 12687) has been running for over 60 seconds
Dec 03 08:17:36.703 INFO [stdout] test src/lib.rs - ProjectInspectTemplateCreateCall (line 12687) ... ok
Dec 03 08:17:37.731 INFO [stdout] test src/lib.rs - ProjectInspectTemplateDeleteCall (line 11607) ... test src/lib.rs - ProjectInspectTemplateDeleteCall (line 11607) has been running for over 60 seconds
Dec 03 08:17:38.715 INFO [stdout] test src/lib.rs - ProjectInspectTemplateGetCall (line 10015) ... test src/lib.rs - ProjectInspectTemplateGetCall (line 10015) has been running for over 60 seconds
Dec 03 08:17:39.035 INFO [stdout] test src/lib.rs - ProjectInspectTemplateGetCall (line 10015) ... ok
Dec 03 08:17:39.671 INFO [stdout] test src/lib.rs - ProjectInspectTemplateListCall (line 15053) ... test src/lib.rs - ProjectInspectTemplateListCall (line 15053) has been running for over 60 seconds
Dec 03 08:17:40.055 INFO [stdout] test src/lib.rs - ProjectInspectTemplatePatchCall (line 10524) ... test src/lib.rs - ProjectInspectTemplatePatchCall (line 10524) has been running for over 60 seconds
Dec 03 08:17:40.200 INFO [stdout] test src/lib.rs - ProjectInspectTemplateDeleteCall (line 11607) ... ok
Dec 03 08:17:41.647 INFO [stdout] test src/lib.rs - ProjectInspectTemplatePatchCall (line 10524) ... ok
Dec 03 08:17:42.207 INFO [stdout] test src/lib.rs - ProjectJobTriggerCreateCall (line 12972) ... test src/lib.rs - ProjectJobTriggerCreateCall (line 12972) has been running for over 60 seconds
Dec 03 08:17:43.383 INFO [stdout] test src/lib.rs - ProjectInspectTemplateListCall (line 15053) ... ok
Dec 03 08:17:45.710 INFO [stdout] test src/lib.rs - ProjectJobTriggerCreateCall (line 12972) ... ok
Dec 03 08:18:13.201 INFO [stdout] test src/lib.rs - ProjectJobTriggerGetCall (line 11064) ... ok
Dec 03 08:18:16.339 INFO [stdout] test src/lib.rs - ProjectJobTriggerDeleteCall (line 16438) ... test src/lib.rs - ProjectJobTriggerDeleteCall (line 16438) has been running for over 60 seconds
Dec 03 08:18:25.629 INFO [stdout] test src/lib.rs - ProjectJobTriggerDeleteCall (line 16438) ... ok
Dec 03 08:18:36.704 INFO [stdout] test src/lib.rs - ProjectJobTriggerListCall (line 16976) ... test src/lib.rs - ProjectJobTriggerListCall (line 16976) has been running for over 60 seconds
Dec 03 08:18:38.448 INFO [stdout] test src/lib.rs - ProjectJobTriggerPatchCall (line 12147) ... ok
Dec 03 08:18:39.703 INFO [stdout] test src/lib.rs - ProjectJobTriggerListCall (line 16976) ... ok
Dec 03 08:18:40.203 INFO [stdout] test src/lib.rs - ProjectMethods (line 4925) ... test src/lib.rs - ProjectMethods (line 4925) has been running for over 60 seconds
Dec 03 08:18:41.651 INFO [stdout] test src/lib.rs - ProjectStoredInfoTypeCreateCall (line 16154) ... test src/lib.rs - ProjectStoredInfoTypeCreateCall (line 16154) has been running for over 60 seconds
Dec 03 08:18:43.387 INFO [stdout] test src/lib.rs - ProjectStoredInfoTypeDeleteCall (line 10810) ... test src/lib.rs - ProjectStoredInfoTypeDeleteCall (line 10810) has been running for over 60 seconds
Dec 03 08:18:43.823 INFO [stdout] test src/lib.rs - ProjectMethods (line 4925) ... ok
Dec 03 08:18:45.547 INFO [stdout] test src/lib.rs - ProjectStoredInfoTypeCreateCall (line 16154) ... ok
Dec 03 08:18:45.722 INFO [stdout] test src/lib.rs - ProjectStoredInfoTypeGetCall (line 12432) ... test src/lib.rs - ProjectStoredInfoTypeGetCall (line 12432) has been running for over 60 seconds
Dec 03 08:18:46.139 INFO [stdout] test src/lib.rs - ProjectStoredInfoTypeDeleteCall (line 10810) ... ok
Dec 03 08:18:46.911 INFO [stdout] test src/lib.rs - ProjectStoredInfoTypeGetCall (line 12432) ... ok
Dec 03 08:18:52.195 INFO [stdout] test src/lib.rs - ProjectStoredInfoTypeListCall (line 17824) ... ok
Dec 03 08:18:53.894 INFO [stdout] test src/lib.rs - ProjectStoredInfoTypePatchCall (line 13545) ... ok
Dec 03 08:18:53.894 INFO [stdout] 
Dec 03 08:18:53.894 INFO [stdout] failures:
Dec 03 08:18:53.894 INFO [stdout] 
Dec 03 08:18:53.894 INFO [stdout] ---- src/lib.rs - GoogleProtobufEmpty (line 4157) stdout ----
Dec 03 08:18:53.894 INFO [stdout] error: expected one of `!`, `.`, `::`, `;`, `?`, `{`, `}`, or an operator, found `Foo`
Dec 03 08:18:53.894 INFO [stdout]  --> src/lib.rs:4158:9
Dec 03 08:18:53.894 INFO [stdout]   |
Dec 03 08:18:53.894 INFO [stdout] 3 | service Foo {
Dec 03 08:18:53.894 INFO [stdout]   |         ^^^ expected one of 8 possible tokens here
Dec 03 08:18:53.894 INFO [stdout] 
Dec 03 08:18:53.894 INFO [stdout] error[E0425]: cannot find value `service` in this scope
Dec 03 08:18:53.894 INFO [stdout]  --> src/lib.rs:4158:1
Dec 03 08:18:53.894 INFO [stdout]   |
Dec 03 08:18:53.895 INFO [stdout] 3 | service Foo {
Dec 03 08:18:53.895 INFO [stdout]   | ^^^^^^^ not found in this scope
Dec 03 08:18:53.895 INFO [stdout] 
Dec 03 08:18:53.895 INFO [stdout] thread 'src/lib.rs - GoogleProtobufEmpty (line 4157)' panicked at 'couldn't compile the test', librustdoc/test.rs:332:13
Dec 03 08:18:53.895 INFO [stdout] stack backtrace:
Dec 03 08:18:53.895 INFO [stdout]    0:     0x7fa55088890f - std::sys::unix::backtrace::tracing::imp::unwind_backtrace::h3a8b83e1922cbdde
Dec 03 08:18:53.895 INFO [stdout]                                at libstd/sys/unix/backtrace/tracing/gcc_s.rs:49
Dec 03 08:18:53.895 INFO [stdout]    1:     0x7fa55086d897 - std::sys_common::backtrace::print::h00d3155a29b4020f
Dec 03 08:18:53.895 INFO [stdout]                                at libstd/sys_common/backtrace.rs:71
Dec 03 08:18:53.895 INFO [stdout]                                at libstd/sys_common/backtrace.rs:59
Dec 03 08:18:53.895 INFO [stdout]    2:     0x7fa550893cef - std::panicking::default_hook::{{closure}}::hd7465c742e79e1bb
Dec 03 08:18:53.895 INFO [stdout]                                at libstd/panicking.rs:211
Dec 03 08:18:53.895 INFO [stdout]    3:     0x7fa5508939ee - std::panicking::default_hook::h9e3966f2aa2a6e12
Dec 03 08:18:53.895 INFO [stdout]                                at libstd/panicking.rs:221
Dec 03 08:18:53.895 INFO [stdout]    4:     0x7fa552a1e951 - rustc::util::common::panic_hook::h27965632b67fe74e
Dec 03 08:18:53.895 INFO [stdout]    5:     0x7fa5508944e6 - std::panicking::rust_panic_with_hook::h587f091ae747d080
Dec 03 08:18:53.895 INFO [stdout]                                at libstd/panicking.rs:480
Dec 03 08:18:53.895 INFO [stdout]    6:     0x55f3ca294b17 - std::panicking::begin_panic::hcef7ac517f7efe0f
Dec 03 08:18:53.895 INFO [stdout]                                at libstd/panicking.rs:410
Dec 03 08:18:53.895 INFO [stdout]    7:     0x55f3ca428cc7 - <rustdoc::test::Collector as rustdoc::test::Tester>::add_test::{{closure}}::{{closure}}::{{closure}}::h1a7d462b7674a13e
Dec 03 08:18:53.895 INFO [stdout]                                at librustdoc/test.rs:332
Dec 03 08:18:53.895 INFO [stdout]                                at librustdoc/test.rs:596
Dec 03 08:18:53.895 INFO [stdout]    8:     0x55f3ca3de1f8 - <scoped_tls::ScopedKey<T>>::set::h9a299037e2efdd79
Dec 03 08:18:53.895 INFO [stdout]                                at /cargo/registry/src/github.com-1ecc6299db9ec823/scoped-tls-0.1.2/src/lib.rs:155
Dec 03 08:18:53.895 INFO [stdout]                                at libsyntax/lib.rs:106
Dec 03 08:18:53.895 INFO [stdout]                                at /cargo/registry/src/github.com-1ecc6299db9ec823/scoped-tls-0.1.2/src/lib.rs:155
Dec 03 08:18:53.895 INFO [stdout]    9:     0x55f3ca1e2601 - syntax::with_globals::hc9a23e436a64729f
Dec 03 08:18:53.895 INFO [stdout]                                at libsyntax/lib.rs:105
Dec 03 08:18:53.895 INFO [stdout]   10:     0x55f3ca294dbb - std::panicking::try::do_call::hd95e3a92339aa7c0
Dec 03 08:18:53.895 INFO [stdout]                                at librustdoc/test.rs:593
Dec 03 08:18:53.895 INFO [stdout]                                at libstd/panic.rs:313
Dec 03 08:18:53.895 INFO [stdout]                                at libstd/panicking.rs:310
Dec 03 08:18:53.895 INFO [stdout]   11:     0x7fa5508a1cd9 - __rust_maybe_catch_panic
Dec 03 08:18:53.895 INFO [stdout]                                at libpanic_unwind/lib.rs:102
Dec 03 08:18:53.895 INFO [stdout]   12:     0x55f3ca2b7f49 - rustc_driver::in_named_rustc_thread::h5d5326e5f9843b1f
Dec 03 08:18:53.895 INFO [stdout]                                at libstd/panicking.rs:289
Dec 03 08:18:53.895 INFO [stdout]                                at libstd/panic.rs:392
Dec 03 08:18:53.895 INFO [stdout]                                at librustc_driver/lib.rs:1546
Dec 03 08:18:53.895 INFO [stdout]   13:     0x55f3ca3f6eb0 - <F as alloc::boxed::FnBox<A>>::call_box::h85b70bbf522f8d35
Dec 03 08:18:53.895 INFO [stdout]                                at librustdoc/test.rs:593
Dec 03 08:18:53.895 INFO [stdout]                                at liballoc/boxed.rs:672
Dec 03 08:18:53.895 INFO [stdout]   14:     0x7fa551f03022 - <F as alloc::boxed::FnBox<A>>::call_box::h37f4bb882553d58c
Dec 03 08:18:53.895 INFO [stdout]                                at libtest/lib.rs:1461
Dec 03 08:18:53.895 INFO [stdout]                                at liballoc/boxed.rs:672
Dec 03 08:18:53.895 INFO [stdout]   15:     0x7fa5508a1cd9 - __rust_maybe_catch_panic
Dec 03 08:18:53.895 INFO [stdout]                                at libpanic_unwind/lib.rs:102
Dec 03 08:18:53.895 INFO [stdout]   16:     0x7fa551f2b462 - std::sys_common::backtrace::__rust_begin_short_backtrace::hb8f0d0309526c184
Dec 03 08:18:53.895 INFO [stdout]                                at libstd/panicking.rs:289
Dec 03 08:18:53.895 INFO [stdout]                                at libstd/panic.rs:392
Dec 03 08:18:53.895 INFO [stdout]                                at libtest/lib.rs:1423
Dec 03 08:18:53.895 INFO [stdout]                                at libstd/sys_common/backtrace.rs:136
Dec 03 08:18:53.895 INFO [stdout]   17:     0x7fa551f2c204 - std::panicking::try::do_call::hc2f7c8b9a348d8db
Dec 03 08:18:53.895 INFO [stdout]                                at libstd/thread/mod.rs:409
Dec 03 08:18:53.895 INFO [stdout]                                at libstd/panic.rs:313
Dec 03 08:18:53.895 INFO [stdout]                                at libstd/panicking.rs:310
Dec 03 08:18:53.895 INFO [stdout]   18:     0x7fa5508a1cd9 - __rust_maybe_catch_panic
Dec 03 08:18:53.895 INFO [stdout]                                at libpanic_unwind/lib.rs:102
Dec 03 08:18:53.895 INFO [stdout]   19:     0x7fa551f1494c - <F as alloc::boxed::FnBox<A>>::call_box::h6bfded618e480b32
Dec 03 08:18:53.895 INFO [stdout]                                at libstd/panicking.rs:289
Dec 03 08:18:53.895 INFO [stdout]                                at libstd/panic.rs:392
Dec 03 08:18:53.895 INFO [stdout]                                at libstd/thread/mod.rs:408
Dec 03 08:18:53.895 INFO [stdout]                                at liballoc/boxed.rs:672
Dec 03 08:18:53.895 INFO [stdout]   20:     0x7fa55088ec9d - std::sys_common::thread::start_thread::h4c28257d67cdf9cb
Dec 03 08:18:53.895 INFO [stdout]                                at liballoc/boxed.rs:682
Dec 03 08:18:53.895 INFO [stdout]                                at libstd/sys_common/thread.rs:24
Dec 03 08:18:53.895 INFO [stdout]   21:     0x7fa5508644d5 - std::sys::unix::thread::Thread::new::thread_start::hfecb2e7eff8fd34f
Dec 03 08:18:53.895 INFO [stdout]                                at libstd/sys/unix/thread.rs:90
Dec 03 08:18:53.895 INFO [stdout]   22:     0x7fa5503f06b9 - start_thread
Dec 03 08:18:53.895 INFO [stdout]   23:     0x7fa54ff1041c - clone
Dec 03 08:18:53.895 INFO [stdout]   24:                0x0 - <unknown>
Dec 03 08:18:53.895 INFO [stdout] query stack during panic:
Dec 03 08:18:53.895 INFO [stdout] end of query stack
Dec 03 08:18:53.895 INFO [stdout] 
Dec 03 08:18:53.896 INFO [stdout] 
Dec 03 08:18:53.896 INFO [stdout] failures:
Dec 03 08:18:53.896 INFO [stdout]     src/lib.rs - GoogleProtobufEmpty (line 4157)
Dec 03 08:18:53.896 INFO [stdout] 
Dec 03 08:18:53.896 INFO [stdout] test result: FAILED. 50 passed; 1 failed; 1 ignored; 0 measured; 0 filtered out
Dec 03 08:18:53.896 INFO [stdout] 
Dec 03 08:18:53.919 INFO [stderr] error: test failed, to rerun pass '--doc'
Dec 03 08:18:53.921 INFO [stderr] su: No module specific data is present
Dec 03 08:18:54.764 INFO running `"docker" "inspect" "65e137baa33461bcc3662d0f44ffafa7c2a12c20fd44773f4f51e957cbfe8523"`
Dec 03 08:18:55.147 INFO running `"docker" "rm" "-f" "65e137baa33461bcc3662d0f44ffafa7c2a12c20fd44773f4f51e957cbfe8523"`
Dec 03 08:18:55.455 INFO [stdout] 65e137baa33461bcc3662d0f44ffafa7c2a12c20fd44773f4f51e957cbfe8523
